e 3*v - q*n = -8*n + 129, 4*v = -n + 155. List the prime factors of v.
2, 19
Let x(r) = r**2 - 7*r - 6. Let n be x(8). Let p(l) = 49*l**2 + 7*l - 10. What are the prime factors of p(n)?
2, 5
Suppose -10*d + 8 = -6*d. Suppose -d*o = -o - 17. List the prime factors of o.
17
Let u = 0 - -2. Suppose 5*q - 3*q = 3*y - 5, -u*y + 2 = -2*q. Suppose 0 = -m + y*m - 6. What are the prime factors of m?
3
Let o(r) = -3*r + 0*r + 28*r + 3. Let y be o(-5). List the prime factors of 12/16 - y/8.
2
Suppose -45*j + 35*j = -10300. What are the prime factors of j?
2, 5, 103
Let v(g) = 8*g. Suppose 2*r - 4*f - 3 = -3*r, -3*f = -3*r. Let o be v(r). Suppose -j + 3*j = 5*a + 30, -a = -4*j + o. What are the prime factors of j?
5
Let v(o) = -2*o**2 - 49*o - 95. List the prime factors of v(-19).
2, 3, 19
Suppose -19 = -0*k + k. Let n = 184 + -136. Let x = k + n. List the prime factors of x.
29
Let k(z) = 8*z - 2. Let y be k(7). Suppose 5*h - 2*m = y, -5*h = -0*h + 2*m - 66. Let a = h + 27. List the prime factors of a.
3, 13
Suppose -3*k = -587 - 442. What are the prime factors of k?
7
Let y be (52/36 + (-2)/(-9))*-3. Let q(b) be the first derivative of -b**4/4 - b**3 + 5*b**2/2 + 5*b - 2. List the prime factors of q(y).
2, 3, 5
Suppose 5*g - 3*l - 322 = 0, 3*l - 9 = -21. Suppose -d + 17 = -5*y, 4*y + 15 = -d - 4. List the prime factors of d - (-3)/6*g.
2, 7
Suppose -5 - 25 = -w + 4*s, 5*w + 3*s = 219. Let i = w - -16. What are the prime factors of i?
2, 29
Let p(f) = 2*f**2 - 52*f - 12. What are the prime factors of p(-20)?
2, 457
Suppose 4*m + 2*v - 4436 = 0, 4*m + 11*v + 4384 = 8*m. What are the prime factors of m?
3, 41
Suppose h + 3*o + 7 = 0, 2*h + 0*o + 8 = -4*o. Suppose 4*c - h*c = 74. List the prime factors of c.
37
Let w be (5/10)/(1/12). Let j be 8/w - 8/24. Let b = j - -34. What are the prime factors of b?
5, 7
Suppose 0 = -h + 5*h + 4. Let v be (-19 - (0 - 2))/h. Let a = 22 + v. List the prime factors of a.
3, 13
Let r be 6 - 10/(-4)*4/(-5). Suppose 0 = r*o - 4, m + 2*o = -3*o + 56. What are the prime factors of m?
3, 17
Let g = 23 + -24. What are the prime factors of (-1)/(g + (-256)/(-258))?
3, 43
Let d = 77 - 121. Let r = d - -261. List the prime factors of r.
7, 31
Suppose -2*c + 4*f = 6*f - 3554, 0 = -2*f + 4. List the prime factors of c.
5, 71
Suppose 0 = -252*t + 255*t - 6687. What are the prime factors of t?
3, 743
Suppose -2*g + 4*g + 8 = 0. Let x be ((-6)/4)/(1/g). Suppose -4*f = -3*p + 23, -x = p + 5*f - 1. What are the prime factors of p?
5
Suppose -2*g + 3*g = 0. Suppose g = -o + 6*o - 120. What are the prime factors of o?
2, 3
Suppose -3*x + 2*j = j - 12, 18 = 4*x - 2*j. Suppose -4*f = -3*o + 266, -3*o + 0*f + 273 = x*f. Suppose -o = -5*w + 3*w. List the prime factors of w.
3, 5
Suppose 0 = -4*v + 2*v. Suppose v = -3*f + 13 + 230. Let h = f + -37. What are the prime factors of h?
2, 11
Suppose 4*z + 522 = 2*o - 696, -5*o + 4*z + 3015 = 0. List the prime factors of o.
599
Let s = -516 - -554. Let x = 155 + -97. List the prime factors of (-57)/s*x/(-3).
29
Suppose -9*x + 319 = -1211. Let k = x + -119. List the prime factors of k.
3, 17
Suppose -13 = -2*k + 3. Suppose 5*s - k*s = -114. What are the prime factors of s?
2, 19
Let h = 52 - 30. Suppose -2*s = -56 - h. List the prime factors of s.
3, 13
Let m = 12 - 8. Suppose m*y - 3*o = y + 84, 3*y + 2*o = 59. List the prime factors of y.
23
Let c = -7 + 9. Suppose -2*m + 141 = -5*o + c*m, -2*o - 60 = 2*m. What are the prime factors of -1 + -3 + o/(-1)?
5
Let w(v) = 5*v**3 + 4*v**2 - 8*v - 8. What are the prime factors of w(5)?
677
Let k = -13 - -13. Let i(a) = a**3 - a**2 + a - 1. Let c be i(k). List the prime factors of (-21 + (-2 - 1))*c.
2, 3
Let n be ((-32)/(-12))/(-4)*-3 - -28. Let s = n - -6. What are the prime factors of s?
2, 3
What are the prime factors of 401 - 1 - (-3 - -4)?
3, 7, 19
Let z(j) = 0 - 2013*j**2 + 2014*j**2 - 21*j**3 + 1 + 2*j. Suppose 3*t + 3 + 0 = 0. What are the prime factors of z(t)?
3, 7
Let p(j) be the third derivative of 67*j**5/60 - j**4/12 + j**3/3 - 3*j**2. Let t be p(1). Let d = t + -48. What are the prime factors of d?
19
Suppose 2*i - 2*k = 10, -2*i - 11 = -i - 5*k. Let l = i - 1. List the prime factors of l.
2
Let y(q) = q**3 + 10*q**2 - 5*q + 7. Let s be y(-11). Let i = s + 354. What are the prime factors of i?
5, 59
Let y(u) = u**3 - 14*u**2 - 8*u + 22. Let o be y(15). Let w = -50 + o. What are the prime factors of w?
7, 11
Let b = 1 - -1. Let c(z) = 29*z**2 - z + 0*z - 9*z**b. List the prime factors of c(1).
19
Let w = -36 + 35. Let o be (-1 - -2)*(-4 + 3). What are the prime factors of (3/w)/(o/19)?
3, 19
Suppose -4*c + 4188 = 1736. List the prime factors of c.
613
List the prime factors of ((-3903)/2)/((-126)/84).
1301
Suppose -5*j - 10 = -5*l - 0*j, -5*j + 17 = 4*l. Let d = l - 0. Suppose 54 = d*v - 27. List the prime factors of v.
3
Suppose -o + 0*o + 248 = -5*c, 2*c + 5*o + 110 = 0. Let z = 120 + c. What are the prime factors of z?
2, 5, 7
Suppose 0 = 2*j - j + 26. What are the prime factors of j/(-10) + (-8)/(-20)?
3
Suppose -9*v + 20 = -4*v. Suppose n = 4, -r - n + v*n - 9 = 0. Suppose q - 28 + r = 0. List the prime factors of q.
5
Suppose 9*m - 6*m - 12 = 0. Suppose 0*t = -m*t + 12. List the prime factors of t.
3
Let x(v) = -v + 10. Suppose -5*i = -8 - 17. Let o be x(i). Suppose 4*y - 3*c = 199, -o*y + c - 5*c + 241 = 0. What are the prime factors of y?
7
List the prime factors of (-3894)/(-7) + (70/(-49))/5.
2, 139
Suppose 5*j - 4608 = 4*k - 0*k, 2*k - 930 = -j. List the prime factors of j.
2, 3, 7, 11
Let o(a) = 2*a**2 + 2*a - 11. Suppose 0 = 2*h + 4 + 12. List the prime factors of o(h).
101
Let g(h) be the first derivative of -h**2 + h + 6. Let j be g(-7). Suppose -99 = -3*t + j. List the prime factors of t.
2, 19
Let b(g) = -6*g**2 + g + 1. Let q be b(1). List the prime factors of 4/5*(-110)/q.
2, 11
Let k = 43 - 0. Suppose 135 + k = 2*u + 4*d, u = 4*d + 65. List the prime factors of u.
3
Let i be 1/(-1*(-1)/67). Suppose -3*k - i = 5*h, -h + 6*h = 5. Let q = -3 - k. List the prime factors of q.
3, 7
Let r(t) = -t**3 - 13*t**2 + t - 4. Let i be r(-13). Let m = i - -25. Suppose 0 = 6*f - m*f + 84. List the prime factors of f.
2, 3, 7
Suppose -2 = -c, c = -5*f + 3*c + 281. Suppose 2*v - f = -v. List the prime factors of v.
19
Suppose -4*b - 253 + 1613 = 0. List the prime factors of b.
2, 5, 17
Suppose -o = 5*r + 84, 0*o = -o - 4. List the prime factors of (8/(-1))/(r/136).
2, 17
Let t(y) = 2*y - 11. Let d be t(7). Suppose -2*o - 3 = d. List the prime factors of (o - (-1 - 50)) + 4.
2, 13
Let n(u) = -u**3 + 21*u**2 - 67*u - 2. What are the prime factors of n(10)?
2, 107
Let t(b) = 27*b**2 + 12*b + 8. Let y be t(-4). What are the prime factors of (-1)/2*9/((-18)/y)?
2, 7
Let t = 9 - 1. Suppose 2*d - t = -2*d. Suppose d*l + 5*x - 37 = -2*l, 10 = 2*x. List the prime factors of l.
3
Let s be (-2)/13 + (-6)/(-39) + -135. Let t = s + 217. List the prime factors of t.
2, 41
Suppose -32*j = -7360 + 1504. What are the prime factors of j?
3, 61
Let l = 529 + -262. What are the prime factors of l?
3, 89
Suppose 13*f = 314 - 80. List the prime factors of f.
2, 3
Suppose -81*n = -68*n - 17394. List the prime factors of n.
2, 3, 223
Let n = -1101 + 1598. What are the prime factors of n?
7, 71
Let d be 123/(-12) - 35/(-28). Let f(q) = q**3 + 9*q**2 - 5*q - 21. What are the prime factors of f(d)?
2, 3
Let i(v) be the second derivative of v**6/80 + v**5/24 + 5*v**4/12 - 6*v. Let c(b) be the third derivative of i(b). What are the prime factors of c(7)?
2, 17
Let g = 9 + -4. Let c = g - 1. Suppose 166 = c*m + 26. What are the prime factors of m?
5, 7
Let u(c) = c**3 + 8*c**2 + 2*c - 11. Suppose -3*o + 9*o + 36 = 0. List the prime factors of u(o).
7
Suppose -2698 = -13*g + 747. Let m = g - 143. List the prime factors of m.
2, 61
Let s(m) = -69*m + 39. What are the prime factors of s(-1)?
2, 3
Let g = -84 - -88. What are the prime factors of (-14 - 10)*(-23)/g?
2, 3, 23
Let u(m) = -m**3 + 13*m**2 - m + 18. Let z be u(13). Suppose z*t - 211 = 324. List the prime factors of t.
107
Let w = 1187 - 816. What are the prime factors of w?
7, 53
Let f = -462 + 845. Suppose -2*l + 158 = 4*u, 5*l + 5*u - f = u. What are the prime factors of l?
3, 5
Suppose -4*g + 12*l + 2954 = 